 3*b + 4*j + 120 = 0. What is the tens digit of b?
3
Let k = -98 + 144. What is the tens digit of k?
4
Let a = 71 - 103. Let i = a - -45. What is the tens digit of i?
1
Let h(i) = -i**3 + 17*i**2 - 13*i + 24. What is the units digit of h(16)?
2
Let g(k) = 0*k**3 + k**3 - 2*k - 2*k**2 - k**2. Suppose -20 = d - 6*d. What is the units digit of g(d)?
8
Let k = 7 + -4. Suppose 0 = -k*s + 12. What is the units digit of s/10 + (-6)/(-10)?
1
Let o be 8*3/6*1. Suppose -32 = o*c - 256. Suppose -4*m + 49 = 3*n, c = 6*m - 2*m - 4*n. What is the tens digit of m?
1
Suppose -36 = 5*j + 3*z + 2, 0 = -5*j + 2*z - 58. Let b = 16 + j. What is the units digit of b?
6
What is the tens digit of -5 - -37 - (1 - 0)?
3
Suppose 461 = 5*j - 3*f, -2*f + 448 + 3 = 5*j. What is the tens digit of j?
9
Let z be (-3)/(-5) + (-6)/(-15). Let b be 98/8 - z/4. Suppose -6*u + 4*h + b = -4*u, -5*u = 4*h - 100. What is the tens digit of u?
1
Let d be 3*((-10)/(-3))/(-2). Let h be (6/(-5))/(2/d). Suppose -h*m - 2*m - 5*v = -30, -28 = -3*m - v. What is the units digit of m?
1
What is the tens digit of (8/(-6))/(-2) - 1130/(-15)?
7
Let l(d) = d**3 + 5*d**2 - d + 2. What is the units digit of l(-5)?
7
Let i be 2/(-3 - -2 - -2). Let d(k) = 4*k - k - 4*k - i. What is the units digit of d(-5)?
3
Suppose -4*r + 24 = 2*o, -5*r + 30 + 6 = 4*o. Let l(j) = 2*j**3 - 4*j**2 - 2*j - 3. Let c(k) = -k**3. Let p(b) = -c(b) - l(b). What is the units digit of p(o)?
1
Let r = 274 + -192. What is the units digit of r?
2
Suppose 224 = 5*x - x + 5*h, 4 = -h. What is the tens digit of x?
6
Let n(w) = -2*w + 2. Let b be n(3). Let t be (1*-10 - -2) + -2. What is the units digit of b/5*25/t?
2
Let t(j) = -j + 6. Let r(g) = g - 7. Let h(o) = 6*r(o) + 7*t(o). What is the units digit of h(-5)?
5
Let i(b) = 72*b**2 - 2*b + 1. What is the units digit of i(1)?
1
Let c = 116 + -75. What is the tens digit of c?
4
Let k(y) = y**2 + 7*y - 6. Let m(t) = -28*t**2 + 1. Let s be m(1). Let a = 19 + s. What is the units digit of k(a)?
2
Suppose -23*t - 255 = -28*t. What is the tens digit of t?
5
Suppose 11*q - 100 = 7*q. Suppose 3*b = 4*c - 33, -3*c + 5*b = 3*b - q. What is the units digit of c?
9
Suppose -n + 0*r = 4*r - 20, 0 = 2*r - 4. Let u = -2 + n. What is the units digit of u?
0
Let s(a) = 2*a**2 + a + 10. What is the units digit of s(-5)?
5
Let u(j) be the second derivative of -j**3/3 + 2*j**2 + j. Let k be 133/(-19) + 5 + -1. What is the units digit of u(k)?
0
Suppose 8 = 4*q - 4*u, 2*q - 5*u = 4*q + 10. Suppose q = 2*d + 2*d. Suppose -4*h - 5*s + 4 = 0, d = 5*h - 3*h - 3*s - 2. What is the units digit of h?
1
What is the tens digit of 1*(55 + -4 + -2)?
4
Let x(o) = -o**3 - 3*o**2 - o - 2. Let s be x(-3). Suppose -m - s + 12 = 0. What is the units digit of m?
1
Let j(s) = s**2 + 7*s - 13. Let y be j(-9). Let v = y - 5. Suppose v = -d - d + 16. What is the units digit of d?
8
Let k be (-8)/20 + (-12)/(-5). Suppose -o = 3*r + 10, -k*o + 8 = r - 2*r. What is the units digit of o?
2
Suppose l = -2*s + 34, -l - 2 = -0*l. Let w = -4 + s. What is the units digit of w?
4
Let c be 3/2*(-184)/(-12). Suppose -3*g + p + c = 0, 59 - 15 = 4*g - 4*p. What is the units digit of g?
6
What is the tens digit of (106*((-18)/(-4) - 4))/1?
5
Suppose 3*z + 2*j = -856, -4*z - z = 3*j + 1426. What is the units digit of (-14)/(-63) - z/18?
6
Suppose -b + 3 = -44. What is the tens digit of b?
4
Suppose c - 4 = 3*c. What is the tens digit of (-1)/(-2) - 21/c?
1
Suppose -4*t + 15 + 5 = 0. Suppose -25 + 5 = -t*z. Suppose -i = h - 11, 0 = i + 2*h - 13 + z. What is the units digit of i?
3
Suppose 5 = 3*k - 4. Let c = -3 + k. Suppose c*j = -2*j + 6. What is the units digit of j?
3
Let c(t) = -4*t + 1. Let i(b) = -b**3 - 5*b**2 - 2*b + 5. Let r be i(-4). What is the units digit of c(r)?
3
Let s(n) be the second derivative of -n**4/12 - 3*n**3/2 + 6*n**2 + n. Suppose 2*z = 3*z + 10. What is the units digit of s(z)?
2
Suppose 9 = -3*x + 5*t - 2*t, 3*t = -2*x + 19. Let m = 4 - 2. What is the units digit of (x/m)/(2/16)?
8
What is the tens digit of 1/(-2)*((-303)/3 + -1)?
5
Let o(y) = -y**2 + 5*y - 3. Let m(k) = -k**2 - 6*k + 9. Let t be m(-7). Let n be o(t). Let a = 0 + n. What is the units digit of a?
3
Suppose -5*q - 3*v + 24 = 0, -2*q - 5*v + 19 = -2. Suppose 79 = q*x - 5. What is the units digit of x?
8
Suppose 5*a + 184 = 514. What is the units digit of a?
6
Suppose 46 = -5*y + p, -5*y + 7*p = 3*p + 34. Let r be (1 + -1)*5/y. Suppose r*x - 7 = -x. What is the units digit of x?
7
Suppose -309 = -3*k - 9. What is the hundreds digit of k?
1
Let o = 137 + -73. What is the units digit of o?
4
Let l be 87/27 - 2/9. Suppose -g = -l*g + 6. What is the units digit of g?
3
Suppose -r = -5*g + 2*r + 234, 2*g - 75 = -5*r. Let t be 4/(12/g) + -1. What is the units digit of (-1)/((-2)/t) - -1?
8
Suppose 0 = -2*k + 4. Suppose -k*n = v - 62, 2 - 12 = -5*v. What is the tens digit of n?
3
Suppose 0 = m + u + 3, -4*m = -2*m + 4*u + 16. Let a(c) = -3*c**2 + 7*c**m - 3*c**2 - 5*c + 5. What is the units digit of a(6)?
1
Let h = -3 - -3. Suppose 0 = -0*w + 4*w + 4*v, w - v - 4 = h. Suppose w*d - 60 = -d. What is the tens digit of d?
2
Let f be (-1 - -1) + (-8)/4. Let s = 5 + f. Suppose 2*b + 3*y = 3, 0 = 4*b - s*b + 4*y + 1. What is the units digit of b?
3
Suppose 3*s = s. Let l(u) = -u**3 + 8*u**2 - 6*u - 5. Let b be l(7). Suppose b*o + o - 39 = s. What is the tens digit of o?
1
Let y(m) = 6*m**2 - 6. What is the units digit of y(7)?
8
Suppose 3 = 4*g - 17. Suppose g*v - 17 = -2. What is the units digit of v?
3
Suppose 0 = 3*p + 6 + 72. What is the units digit of 13/(-65) - p/5?
5
Let h be 16/10 + 4/10. Suppose -r = -h*o + 4*r - 13, -5*o + 20 = 5*r. Suppose m = -o, -4*l + 5*l + 2*m = 5. What is the units digit of l?
7
Let j = 19 + 25. What is the units digit of j?
4
Let w be 62/4 - 1/(-2). Suppose -2*b + w = -0*b + 2*a, -4*a = 4. What is the units digit of b?
9
Let d = 47 + 8. Suppose 0 = 5*a - d. What is the units digit of a?
1
What is the tens digit of -4 - 23/(-1) - 0?
1
Suppose 3*m - 5 = 1. Suppose w = -3*o - 11, 5*w - 3*o - 45 = m*o. What is the units digit of w?
4
Suppose -3*d = -72 - 78. What is the units digit of d?
0
Let y(v) = -16*v**3 + v**2. Suppose 2 = -2*n + 4*b, -3*n - b - 1 = -2*n. Let x be y(n). Suppose -2*o + 3 = -x. What is the units digit of o?
0
Suppose 4*x = 6*x + 2. Let g = x - -17. What is the tens digit of g?
1
Let v = 1 - 5. Let t be (-2 + 0)*v/2. Suppose t*i - 64 = 2*q, -2*q - 29 - 7 = -2*i. What is the units digit of i?
4
Let c(k) = -25*k - 4. What is the units digit of c(-1)?
1
Let h = 504 - 164. What is the hundreds digit of h?
3
Suppose -6*u + 1 = -5*u. Let z = 5 - u. What is the units digit of z?
4
Let h = -12 + 18. Let t(v) = 8*v + 2*v**3 - 4*v**3 + 3 + 3*v**3 - 7*v**2 - 7. What is the units digit of t(h)?
8
Let c(g) = g**2 - 2*g + 3. Suppose 3 - 4 = l - d, l - 5*d = -17. What is the units digit of c(l)?
6
Suppose -2*b = 3*b + o - 195, -4*o = 5*b - 195. What is the tens digit of b?
3
Let t(l) = l**2 + 11*l - 19. What is the units digit of t(-13)?
7
Suppose 6*g - 556 = -16. What is the units digit of g?
0
Let x = -5 - 0. Let n = x - -5. Let o = n + 2. What is the units digit of o?
2
Suppose -h + 46 = 2*m, 0 = -2*m + 6*h - 2*h + 26. Let a = m - -3. Suppose -3*w - i + a = 0, 5*w - 4*w + 5*i = 8. What is the units digit of w?
8
What is the units digit of (1/(-2))/(3/(-18))?
3
Suppose 459 + 432 = -3*i. What is the units digit of i/22*-2*1?
7
Let v = 11 - 11. What is the units digit of 13 - (-2 + 6 - v)?
9
Suppose 3*y + 3 = 0, -4*v + v = -3*y - 12. Let g(q) = 3*q + 4*q - 8 - v*q + q**2. What is the units digit of g(-6)?
4
Let b = 1 - -1. Let w = -3 + 5. What is the units digit of (w - (-2 + 4)) + b?
2
What is the tens digit of (-11)/(4/(-6) - 19/(-114))?
2
Suppose -2*j + 90 = 3*j. What is the units digit of j?
8
Let s = -39 - -67. What is the tens digit of s?
2
Let l(f) = f**3 + f**2 + 1. Let i be l(-2). Let k = i - -3. Suppose 0 = 2*n - 3*n - 5*o - 13, k = -n - o + 3. What is the units digit of n?
7
Let z(p) = -p**3 + 8*p**2 - 6*p - 7. Let q be z(5). Let i = q + -26. What is the units digit of i?
2
Let h(m) = 0*m + m**2 + 0*m + 3*m + 4 - m. Let w be h(-3). Suppose -z - 4*j + 21 = 0, -j = -z + 3*z - w. What is the units digit of z?
1
Let 